-2*b**2 - 18*b - 41. Let o be 1*(90/(-16) + 6 - 54/16). Give k(o).
-5
Let f = -4188 + 4152. Let b(j) = -j**2 - 37*j - 41. Give b(f).
-5
Suppose 5*w = -m - 9 + 65, 2*m - w = 101. Let t = -48 + m. Let p(y) = 4*y + 0*y + 3 - y + t*y**2 - y**3. Give p(4).
-1
Let j(h) be the third derivative of h**6/120 + h**5/60 - h**4/12 - h**3/2 - 365*h**2. Calculate j(3).
27
Let d(w) = -w**3 - 1. Let l(b) = 4*b**3 - 4*b**2 + 5 - b - 8*b**2 + 13*b**2. Let p(t) = 3*d(t) + l(t). Give p(-3).
-13
Let p(f) be the first derivative of 4*f**3/3 - 11*f**2/2 + 4*f - 1031. Calculate p(3).
7
Let t = 6 + 6. Suppose -z - t = -3*z. Let w(y) be the third derivative of y**4/24 + y**3/3 - 723*y**2. Determine w(z).
8
Let l = 133 + -125. Suppose -114 - 166 = -l*o. Let w = o + -37. Let z(x) = x**3 - 3*x**2 - 4*x - 3. What is z(w)?
-15
Let b(i) be the first derivative of i**3 - 30*i**2 - 17*i - 11393. Give b(20).
-17
Let r(u) = 14*u**2 + 7*u. Let x(a) = -7*a**2 - 3*a. Let g(y) = 2*r(y) + 5*x(y). Let z = 260169 - 260170. Calculate g(z).
-6
Let y(j) = -j**2 + 1. Let x(s) = -2*s**2 + 39*s + 76. Let o(b) = -x(b) + 3*y(b). Let k be o(-37). Let u(c) = -13*c. Give u(k).
-13
Suppose -7*i + 10*i = -v + 20, 0 = -4*i + 3*v + 5. Let x(c) = 9*c**2 + 5*c - 10. Let z(u) = 11*u**2 + 6*u - 11. Let k(p) = i*z(p) - 6*x(p). What is k(0)?
5
Let x be (-2)/6*(9 + -6 - 0). Let m(w) = 5*w**3 + 6*w**2 - w - 7. Let c(u) = u**3 + 2*u**2. Let v(g) = x*m(g) + 6*c(g). What is v(-5)?
27
Let j(p) = -2768*p**2 + 3 + 5*p - 7 + 2767*p**2 - 4*p - 2. Give j(2).
-8
Let t(i) = -i + 3. Let c = 397 + -398. Let s(h) = 4*h + 11. Let b be s(c). Calculate t(b).
-4
Let t(x) = -x**2 - 31 + 32 + 9*x**3 + 4*x**2 + 7*x - 16*x + 6*x. Determine t(1).
10
Let o(h) be the third derivative of -h**6/120 + 7*h**5/60 + 19*h**4/24 - 11*h**3/3 - 430*h**2. What is o(9)?
-13
Let b be ((-4)/(-10))/(1/(-655)). Let q = b + 270. Let k(a) = -a**3 + 9*a**2 - 8*a + 5. Calculate k(q).
5
Let o(f) = 14*f**3 + 18*f**2 - 11*f + 7. Let z(q) = 16*q**3 + 20*q**2 - 13*q + 8. Let a(i) = 10*o(i) - 9*z(i). Calculate a(3).
-89
Let u be -4 + (-3 + 0)*89 - -1. Let k = -279 - u. Let l(m) = m**3 + 9*m**2 + m + 11. Determine l(k).
2
Let n = -54 + 54. Suppose -63 + n = -3*h. Let y(c) = h - c - 42 + 17. Calculate y(0).
-4
Suppose -14*l = -7*l + 21. Let n be (4 - (1 - 2)) + l. Suppose n*m + 2 + 4 = 0. Let y(h) = h**3 + 3*h**2 - 3*h - 1. Calculate y(m).
8
Let q = 2 + -4. Let w(u) = -8*u**3 - 13*u**2 + 41*u + 4. Let f(k) = -2*k**3 - 3*k**2 + 9*k + 1. Let d(j) = 9*f(j) - 2*w(j). Calculate d(q).
15
Let q(n) be the first derivative of -5*n**3/3 - 4*n**2 - 7*n - 5. Let h(k) = k**2. Let t(j) = -4*h(j) - q(j). Let m be 13/(-39) + (-14)/3. What is t(m)?
-8
Let p be (-304)/(-7) + (-12)/28. Let m = p - 40. Suppose -d - m*d = d. Let n(g) = g**3 + g**2 - g + 12. Give n(d).
12
Let x(s) = -60*s + 1. Suppose -125*h + 15*h - 29 + 139 = 0. Calculate x(h).
-59
Let d(z) be the first derivative of 7*z**4/24 - z**3/2 - 5*z**2/2 + 6*z + 159. Let i(n) be the second derivative of d(n). Determine i(5).
32
Let j = -481 - -475. Let h be j/5 + 204/20. Let n(r) = -r**3 + 9*r**2 + r + 12. Calculate n(h).
21
Let z be 30/4*(-336)/35. Let o = 65 + z. Let j(c) = -c**3 - 8*c**2 - 9*c - 7. Determine j(o).
7
Let p(n) = -74 + 76 + 9*n - 8*n. Let a = -3 + 2. Let j = 4 + a. Calculate p(j).
5
Let q(g) = g + 3. Let w(k) be the third derivative of -k**4/8 - 4*k**3/3 - 26*k**2. Let n be w(7). Let f = n + 27. Calculate q(f).
1
Let w(h) be the first derivative of h**4/4 + 2*h**3 - 5*h**2 - 21*h + 3. Let k = -844 - -837. Let b be w(k). Let f(j) = j**3 - j**2 - 8. Calculate f(b).
-8
Let d(w) = 17*w + 43. Let f be d(-2). Let o(a) = 8 - a**3 + 0*a**3 + 17 + 10 + f*a - 39 + 7*a**2. Calculate o(8).
4
Let n = -7115 + 7119. Let f(r) = 2*r**2 + r - 1. Calculate f(n).
35
Let p(f) = 137*f + 825. Let w be p(-6). Let y(j) = 3*j + 2*j**2 + 3*j - 4*j**2 - 6. Let v be y(w). Let h(o) = -o - 6. What is h(v)?
0
Let m(n) = 5*n**3 - 18*n**2 - 80*n - 1. Let u(x) = -4*x**3 + 17*x**2 + 60*x + 2. Let s(i) = -3*m(i) - 4*u(i). What is s(14)?
-5
Suppose 5*j + 10 = 0, 50*l - 55*l - 4*j = -232. Suppose l*d - 66*d = 0. Let h(x) = x**3 + x**2 + x + 38. Give h(d).
38
Let q(d) = 60*d + 6. Let w be q(2). Let c(i) = i + w*i**3 - 271*i**3 + 2*i**2 + 124*i**3 - 3*i**2 + 1. Calculate c(-1).
20
Let y be ((-3)/5 + 1)*(3 - -2). Suppose y*w = -0*w + 10. Let m(o) = -o - 4. What is m(w)?
-9
Let d(m) = 36*m**2 - 26 + 3 - 23*m**2 + 52*m - 16*m**2. Calculate d(17).
-6
Let r(i) = -1725*i - 3*i**2 + 1718*i + 8 + 2*i**2. Determine r(1).
0
Let f(y) = 3*y + 18. Let j be (5 - 6) + ((-4)/(-6))/((-40)/(-540)). Determine f(j).
42
Let o(n) be the second derivative of n**4/6 + n**3/2 - n**2 - 2*n. Let i be o(-3). Let s(y) = -5*y - 10 + i + 8*y. What is s(2)?
3
Let s(w) be the first derivative of -11*w**3/3 + 28*w**2 - 2*w - 5660. Determine s(5).
3
Let a(f) = 45 + 85 + 2*f**2 - 131 - f**3. Determine a(3).
-10
Suppose 4*y - 43 = 3*z, 3*z - 61 = -4*y - 0. Let n(d) = -y*d + 33*d - 12*d + 10 - d**2 + 2*d. Calculate n(9).
19
Suppose 5 = -5*f - 0. Let q be ((-2)/(-28)*4)/(f/(-7)). Let p(s) be the second derivative of -s**4/12 - s**3/6 + s**2/2 + s. Calculate p(q).
-5
Suppose -8 - 8 = 2*m. Let d(k) = k**3 + 9*k**2 + 2*k - 47. Let n be d(m). Let v(g) = -g**3 - g**2 + g - 1. What is v(n)?
-2
Let c(y) = -y**2 + 4*y - 4. Let d(j) = j**2 - 4*j + 4. Let s(m) = -3*c(m) - 4*d(m). Suppose -a + 364 = -5*a. Let h be ((-8)/(-14))/((-13)/a). Give s(h).
-4
Let o(h) = -6*h - 88. Let x(a) = -3*a - 44. Let n(u) = -3*o(u) + 5*x(u). Let i be n(-14). Let d(t) = 2*t - 5 + 6 + 10 - i. Calculate d(-7).
-5
Let i be ((-4)/6)/(1/(-3)). Let u(h) = -2*h - 48 + h**i + 13 + 29. Give u(-4).
18
Let v(a) = 7*a - 15. Let m be ((-25)/(-5))/(2*65/(-364)). Determine v(m).
-113
Let u = 245 - 242. Let p(x) = -9*x**3 - 2*x**3 + 4*x + 3*x**2 + 10*x**u. What is p(3)?
12
Let c(j) = -j**2 + 3*j + 7. Let x = 17 + -12. Let i(r) = 2*r**2 - 5*r - 15. Let l = -4 + 7. Let y(w) = l*i(w) + x*c(w). What is y(0)?
-10
Let s(f) be the first derivative of -3*f**2/2 - 11*f + 1231. Give s(-4).
1
Let i(x) = -5*x - 2. Let c(r) = -43*r - 18. Let f(q) = -c(q) + 5*i(q). What is f(5)?
98
Let j(s) be the third derivative of -s**4/24 - 17*s**3/6 + 171*s**2. Let p(o) = -o**3 - 12*o**2 - 10*o + 4. Let m be p(-11). What is j(m)?
-10
Let c(s) = 4*s**3 + 2*s**2 - 2*s - 5. Let d(g) = -g**3 - 79*g**2 - 1287*g + 26. Let y be d(-23). Calculate c(y).
115
Let p(b) = 8*b - 10*b + 3*b. Suppose x = 2*x. Suppose x = -5*n + 3*m - 7, -2*m = 2*n - 10. Give p(n).
1
Let w be ((-6 + -14)/5)/((-189)/18 - -11). Let o(t) = -5*t**3 + 6*t**3 - 7*t + 7*t**2 + 1 + t. Determine o(w).
-15
Let z(a) = -a**2 + 65 + 2*a + 170 - 199. What is z(-4)?
12
Let p(m) = m - 1. Let v(w) = -w**3 - 3*w**2 + 12*w + 5. Let x be v(-5). Let u(t) = 11. Let h(r) = x*p(r) - u(r). Give h(0).
-6
Let t(b) = 2*b**2 - 2*b. Let y(k) = -2*k - 15. Let u be y(-8). Let x be (-33)/66 - (-1)/((-2)/3). Let i be u + 1/x + 5/2. Calculate t(i).
12
Let r be ((-54)/(-24))/(15/(-40)). Let t(o) = o**3 + 4*o**2 - 13*o - 16. Give t(r).
-10
Let f = -313 + 322. Let s(d) be the third derivative of -d**5/60 + 7*d**4/12 - 2*d**3 - 6*d**2. What is s(f)?
33
Let c(r) = -2*r**2 - 25*r - 34. Let b(l) = -2*l**2 - 27*l - 47. Let n(k) = -4*b(k) + 5*c(k). Give n(-9).
9
Let s(l) = l**3 - 7*l**2 + 13*l - 26. Let p(g) = -g**3 + 99*g**2 + 6. Let r be p(99). Give s(r).
16
Let z(c) = 40*c - 728. Let j(m) = 13*m - 242. Let n(b) = 7*j(b) - 2*z(b). Give n(21).
-7
Let h(m) = -m - 5. Let s(y) = y**2 - 6. Let w(t) = -3*h(t) + 2*s(t). Let p = -4 - -10. Let q be 10/(-6) - 2/p. What is w(q)?
5
Let t(o) be the second derivative of -o**3/6 + o**2 + o. Suppose -4*w - 4*d - 4 = 0, -18*d + 20*d = -18. Determine t(w).
-6
Let j(i) be the third derivative of 1/15*i**5 + 1/120*i**6 - 2/3*i**3 - 3/8*i**4 + 0*i + 0 + 53*i**2. What is j(-6)?
-22
Let p be 63/7 + (27 - 33). Let a(o) = -9*o + 41. Give a(p).
14
Let q = 22257 + -22260. Let x(p) = 26*p**2 + 68*p - 1. Determine x(q).
29
Suppose -18 = -6*x + 12. Suppose x*s = -3*h - 20, 2 = 3*s - 5*s. Let w(z) = 4*z**2 - 3*z**2 + 5*z - 5 + 0*z**2. Determine w(h).
-5
Let g(b) be the third derivative of -5*b**4/6 + 169*b**3/6 + 4*b**2 - 15*b - 2. Give g(9).
-11
Let x be (-5 - -4)*(0 + -3). Suppose -5*y + 12 = -x. Let u(